 w?
6
Suppose -h + 12875 = -392*t + 390*t, 0 = 2*h + 4*t - 25726. What is the units digit of h?
9
Let u = 195 - 2330. Let o = -1053 - u. What is the tens digit of o?
8
What is the hundreds digit of 54860/(160/16) + 7?
4
Let w(t) = 15*t**2 + 5*t + 24433. What is the ten thousands digit of w(0)?
2
Let d(o) = 7*o**2 + 9*o - 27. Let r(w) = 4*w**2 + 5*w - 14. Let t(u) = -3*d(u) + 5*r(u). Let b be t(-10). Let f = b + 140. What is the units digit of f?
1
Let t(a) = a - 13. Let s be t(9). What is the units digit of 27 + 48 - (-1 - s)?
2
Suppose 0 = -f - f - 5*q + 5, -5*f - 5*q = -5. Suppose f = -5*c - 5*b + 30, -3*b - 2*b - 10 = -3*c. Suppose -693 = -c*t - 2*t. What is the units digit of t?
9
Suppose -21*k + 9*k - 872350 = -62*k. What is the units digit of k?
7
Let y = -59 - -59. What is the hundreds digit of 507 + y + (-3 - -6)?
5
Suppose 52*l - 50*l - 148 = 0. Suppose -4*a = 2*d - 510, 5*d + 315 = 3*a - l. Suppose 5*t - 222 = a. What is the tens digit of t?
7
Let j(c) = 6*c**2 + 5*c + 2. Let g be j(-3). Suppose -7*v - 64 = -15*v. Let n = v + g. What is the tens digit of n?
4
What is the tens digit of 19/(133/56) - 178596/(-1 + -5)?
7
What is the thousands digit of 10*((-24)/(-72))/((-1)/(-17007))?
6
Suppose 4*y + 5*y - 6444 = 0. Suppose -11*n = -2331 - y. What is the tens digit of n?
7
Let u(h) = 8*h**3 - 4*h**2 - 4*h + 22. Let q be u(8). Let t = q - 2581. What is the hundreds digit of t?
2
Let n(a) = 3*a + 51. Let s be n(-16). Suppose t + s*h = -4*t + 22, -3*t = h - 14. What is the units digit of t?
5
Suppose 10*u + 25552 + 20504 = 2*f, -4*f + 92066 = 3*u. What is the hundreds digit of f?
0
Suppose 2380869 = 245*l + 391240 - 231786. What is the units digit of l?
7
Let b(q) = 353*q**2 - 69*q + 333. What is the units digit of b(5)?
3
Suppose -732*d = -1461*d + 735*d - 435798. What is the hundreds digit of d?
6
Let k be 3 + 0 - (-18)/(-18). Suppose 0 = 3*a - 4*a + 3*z - 78, -k = -2*z. What is the hundreds digit of (34/4 - 1)/(a/(-1000))?
1
Let a(f) = -73 + 39*f + 73*f + 78*f + 50 + 48. What is the tens digit of a(2)?
0
Suppose 120*u - 115*u + 40 = 0. What is the tens digit of 9/(-1 + u) + (1220 - 0)?
1
Suppose 4*d - d = 6. Suppose -d*m = -123 - 49. Let v = -61 + m. What is the tens digit of v?
2
Let k be 2/7 + (165/35 - 1). Suppose -35 = -4*q - q - k*u, 2*q + u = 11. Suppose -q*d = -j + 38, 35 = j - 0*j - 2*d. What is the units digit of j?
9
What is the units digit of (1200/140)/(-6 + (-34620)/(-5768))?
0
Suppose 6*i - 3*i - 168 = 0. Let b be 1*(-5)/((-20)/i). What is the tens digit of (-28)/98 + 144/b?
1
Let s be 2/(-5) - 8*6/(-120). What is the units digit of 2164/2 - s - (-35 + 30)?
7
Suppose 27*u = 31*u - 2*d + 446, 0 = -5*u + 4*d - 556. Let j = u - -982. What is the hundreds digit of j?
8
What is the hundreds digit of ((-8)/(-18))/(42/1652994)?
4
Let u(d) = d**3 + 16*d**2 - 2*d - 13. Let n be u(-12). Suppose 0 = 3*w + 15, -3*m - w - n = -3354. What is the units digit of m?
4
Let m be 1 - 12 - (-3 + 4). Suppose 0 = -r + 4*w, -4*w - 2 - 22 = -4*r. What is the units digit of (m/r*-28)/1?
2
Suppose 0 = -115*w - 89*w + 1260778 - 203038. What is the hundreds digit of w?
1
Suppose -5*p - 28*p - 196613 = -797411. What is the tens digit of p?
0
Let w = 746 - -9256. What is the ten thousands digit of w?
1
Let f be 6*1*18/4. Suppose 815*j = 823*j - 24. Suppose 0 = 4*o - 5*q - 185, 117 = j*o - 2*q - f. What is the tens digit of o?
5
Let h = 15 - 15. Suppose -3*c + 6 = 0, -c - 48 = b - h*b. Let a = b + 88. What is the tens digit of a?
3
Suppose 3*h - 2*t + 7*t - 40 = 0, -h = -3*t + 10. Suppose 0 = -h*n + 4*n + 439. Suppose -n - 479 = -9*w. What is the units digit of w?
2
Let y(c) = -c + 12. Let r be y(6). Let z be -2*((-45)/r + 4). What is the tens digit of 1956/21 - 1/z?
9
What is the tens digit of 10*3790/25 + -14?
0
Let w be (-9 + 5)*(-3)/12. Suppose s - 5*d = -w, s - 6*d + 2*d - 2 = 0. What is the tens digit of (-14)/(-49) + 766/s?
5
Let c(s) = 3*s**3 - 17*s**2 + 74*s - 27. What is the units digit of c(11)?
3
Let y(l) = -l + 115. Let z(s) = 17*s + 74. Let i be z(-6). What is the hundreds digit of y(i)?
1
Let s(q) = 2114*q**3 + 2*q**2 + 5*q - 5. Let r be s(1). Let y = r - 1369. What is the units digit of y?
7
Let h(b) = b**3 - 6*b - 17802. Let w be h(0). What is the tens digit of (12/36)/((-6)/w)?
8
Suppose -33 + 21 = -4*a, o + 2 = a. Suppose 3*i = 2*z - 1150 - 603, o = i. What is the hundreds digit of z?
8
Suppose -5*a - 40601 + 145466 = 0. What is the units digit of a?
3
Suppose 4*h + 3*f = -887, 0*h - 2*h + 2*f - 426 = 0. Let i = -61 - h. What is the units digit of i?
7
Let m(c) = c**2 + 9*c + 12. Let s be m(-5). What is the tens digit of (-35)/28 + (-4122)/s?
1
Let w be (-7 - 1)*(2 - 1). Let g be (-9)/(-7) + (-5304)/(-546). What is the tens digit of g + (w - -10) + (-2 - 0)?
1
Let x(g) = 26*g**3 + 4*g**2 - 4*g + 13. Let q be x(3). What is the hundreds digit of (-3)/6 + -3*q/(-6)?
3
What is the ten thousands digit of 1/((-155334)/(-698760) + 10/(-45))?
1
Let y be (1 - 0)/(9/117). Suppose 4*z + y*z - 12988 = 0. What is the hundreds digit of z?
7
Let s = -271 + 26388. What is the ten thousands digit of s?
2
Let g be ((-4)/(-3))/(((-48)/27)/(-4)). Suppose 2*b + f = b + 320, g*f + 942 = 3*b. What is the tens digit of b?
1
What is the units digit of ((-66)/(-2))/(((-2997)/13878)/(-37))?
4
What is the tens digit of (44/(-154))/(13/(-7) - -2) - -2659?
5
Suppose 3*h + 28 = 6*h + 4*r, -3*h + 32 = 5*r. Suppose 0 = -u - 4*d + 1 + 3, u + 3*d - h = 0. Suppose u*v = -12, v - 102 = -g + 63. What is the tens digit of g?
6
Suppose -41*l + 58*l + 26*l - 1057284 = 0. What is the thousands digit of l?
4
What is the thousands digit of 13/(338/(-2665))*(-62)/5?
1
Suppose 9496 - 573662 = -274*b. What is the tens digit of b?
5
What is the tens digit of 48/(5 - -19) - -9952?
5
Let w be -64*1 + (7 - 8). Let v = 78 + w. Suppose -v*m = 4*m - 1632. What is the tens digit of m?
9
Let d = 499 + -151. What is the units digit of (1*-1)/(0 + (-2)/d)?
4
Let h(j) = -j + 22. Let m be h(19). Suppose 0 = -m*v + 3*c - 222, -2*v + 5*c - 4*c = 149. What is the units digit of (-5280)/v + 2/(-5)?
0
Suppose 12*r + 636 = 180. Let n = -36 - r. Suppose 4*a - 5*a = -f + 10, -2*f = n*a. What is the units digit of f?
5
Let i = 37237 + -16514. What is the hundreds digit of i?
7
Let z(f) = -4*f + 114. Let x be z(30). What is the tens digit of 2/(-84)*-7662 - x/(-14)?
8
Suppose -230 + 269 = 3*x. Suppose -670 + 2464 = x*q. What is the hundreds digit of q?
1
Suppose -22*k + 888 = -18*k. Let a = k + 134. Let p = 501 - a. What is the tens digit of p?
4
Suppose 305*u = 7*u + 5649802 + 8040914. What is the thousands digit of u?
5
Let t = 370 - -10518. What is the units digit of t?
8
Let y be -2 + (-70)/(-40) - (-12549)/4. Suppose 3*x - 5219 = -5*q, -8*q = -5*q - x - y. What is the thousands digit of q?
1
Let k(s) = 159*s**2 - s + 1. Let g be k(-1). Let w(h) = -h**3 + 18*h**2 + 17*h - 36. Let f be w(19). Let u = g + f. What is the units digit of u?
7
Let p(k) = 123*k**2 + 547*k - 16. What is the hundreds digit of p(-10)?
8
Suppose 3*o - 4*o = 0. Let m(g) = 8*g + 405. Let z be m(o). Suppose -6*c = -11*c + z. What is the units digit of c?
1
Let i = -889 - -64396. What is the tens digit of i?
0
Suppose 86*d = 85*d + 5*u + 21998, 3*u = 5*d - 109902. What is the thousands digit of d?
1
Let o be 1*(4/(-30) - (-25789)/255). Suppose o*l - 102*l = -557. What is the tens digit of l?
5
Let t(s) = -9193*s**3 + s**2 + 25*s - 26. Let j(y) = -1839*y**3 + 5*y - 5. Let x(r) = -11*j(r) + 2*t(r). What is the thousands digit of x(1)?
1
Suppose 0 = u + 4*u - 3*f - 51958, -u + f = -10392. What is the units digit of u?
1
Suppose 0 = 2*v - 3*k - 133470, -4*v + 4*k + 111219 + 155737 = 0. What is the hundreds digit of v?
7
Let l = 54880 + -5204. What is the units digit of l?
6
Let n be 292/((-10)/(-1) - 6). Suppose 4*o - n - 2675 = 5*p, 3*p + 12 = 0. What is the hundreds digit of o?
6
Let g = -29 + 47. Let l = 24 - g. What is the units digit of (75/l)/((-4)/(-16))?
0
Let j(d) = -2*d**3 + 2*d**2 + 8*d + 94. Let o be j(-6). Suppose 0 = 6*u - o - 2318. What is the units digit of u?
8
Let h(j) be the third derivative of -j**5/60 - 7*j**4/12 + 13*j**3/6 - 5*j**2. Suppose -4*q - 4*q - 88 = 0. What is the units digit of h(q)?
6
Let m = -911